{"id":368,"date":"2026-04-16T23:06:55","date_gmt":"2026-04-16T23:06:55","guid":{"rendered":"https:\/\/ingenieroelectricocr.com\/?page_id=368"},"modified":"2026-04-16T23:45:40","modified_gmt":"2026-04-16T23:45:40","slug":"planos-electricos-cfia-costa-rica","status":"publish","type":"page","link":"https:\/\/ingenieroelectricocr.com\/index.php\/planos-electricos-cfia-costa-rica\/","title":{"rendered":"Planos el\u00e9ctricos CFIA Costa Rica"},"content":{"rendered":"\t\t<div data-elementor-type=\"wp-page\" data-elementor-id=\"368\" class=\"elementor elementor-368\">\n\t\t\t\t\t\t<section class=\"elementor-section elementor-top-section elementor-element elementor-element-6f044c6 elementor-section-boxed elementor-section-height-default elementor-section-height-default\" data-id=\"6f044c6\" data-element_type=\"section\" data-e-type=\"section\">\n\t\t\t\t\t\t<div class=\"elementor-container elementor-column-gap-default\">\n\t\t\t\t\t<div class=\"elementor-column elementor-col-100 elementor-top-column elementor-element elementor-element-1abd589\" data-id=\"1abd589\" data-element_type=\"column\" data-e-type=\"column\">\n\t\t\t<div class=\"elementor-widget-wrap elementor-element-populated\">\n\t\t\t\t\t\t<div class=\"elementor-element elementor-element-b2e57a7 elementor-widget elementor-widget-heading\" data-id=\"b2e57a7\" data-element_type=\"widget\" data-e-type=\"widget\" data-widget_type=\"heading.default\">\n\t\t\t\t<div class=\"elementor-widget-container\">\n\t\t\t\t\t<h1 class=\"elementor-heading-title elementor-size-default\">Planos el\u00e9ctricos CFIA en Costa Rica<\/h1>\t\t\t\t<\/div>\n\t\t\t\t<\/div>\n\t\t\t\t\t<\/div>\n\t\t<\/div>\n\t\t\t\t\t<\/div>\n\t\t<\/section>\n\t\t\t\t<section class=\"elementor-section elementor-top-section elementor-element elementor-element-8cccd92 elementor-section-boxed elementor-section-height-default elementor-section-height-default\" data-id=\"8cccd92\" data-element_type=\"section\" data-e-type=\"section\">\n\t\t\t\t\t\t<div class=\"elementor-container elementor-column-gap-default\">\n\t\t\t\t\t<div class=\"elementor-column elementor-col-100 elementor-top-column elementor-element elementor-element-10de0d4\" data-id=\"10de0d4\" data-element_type=\"column\" data-e-type=\"column\">\n\t\t\t<div class=\"elementor-widget-wrap elementor-element-populated\">\n\t\t\t\t\t\t<div class=\"elementor-element elementor-element-b4321ed elementor-widget elementor-widget-text-editor\" data-id=\"b4321ed\" data-element_type=\"widget\" data-e-type=\"widget\" data-widget_type=\"text-editor.default\">\n\t\t\t\t<div class=\"elementor-widget-container\">\n\t\t\t\t\t\t\t\t\t<p><span dir=\"auto\" style=\"vertical-align: inherit;\"><span dir=\"auto\" style=\"vertical-align: inherit;\"><span dir=\"auto\" style=\"vertical-align: inherit;\"><span dir=\"auto\" style=\"vertical-align: inherit;\"><span dir=\"auto\" style=\"vertical-align: inherit;\"><span dir=\"auto\" style=\"vertical-align: inherit;\"><span dir=\"auto\" style=\"vertical-align: inherit;\"><span dir=\"auto\" style=\"vertical-align: inherit;\">Servicio profesional de planos el\u00e9ctricos para presentaci\u00f3n ante CFIA en Costa Rica. Se realiza inspecci\u00f3n, dise\u00f1o y gesti\u00f3n completa del tr\u00e1mite para evitar rechazos o atrasos.<\/span><\/span><\/span><\/span><\/span><\/span><\/span><\/span><\/p>\t\t\t\t\t\t\t\t<\/div>\n\t\t\t\t<\/div>\n\t\t\t\t\t<\/div>\n\t\t<\/div>\n\t\t\t\t\t<\/div>\n\t\t<\/section>\n\t\t\t\t<section class=\"elementor-section elementor-top-section elementor-element elementor-element-be193bb elementor-section-boxed elementor-section-height-default elementor-section-height-default\" data-id=\"be193bb\" data-element_type=\"section\" data-e-type=\"section\">\n\t\t\t\t\t\t<div class=\"elementor-container elementor-column-gap-default\">\n\t\t\t\t\t<div class=\"elementor-column elementor-col-50 elementor-top-column elementor-element elementor-element-66aaca0\" data-id=\"66aaca0\" data-element_type=\"column\" data-e-type=\"column\">\n\t\t\t<div class=\"elementor-widget-wrap elementor-element-populated\">\n\t\t\t\t\t\t<div class=\"elementor-element elementor-element-944f421 elementor-widget elementor-widget-heading\" data-id=\"944f421\" data-element_type=\"widget\" data-e-type=\"widget\" data-widget_type=\"heading.default\">\n\t\t\t\t<div class=\"elementor-widget-container\">\n\t\t\t\t\t<h2 class=\"elementor-heading-title elementor-size-default\">planos el\u00e9ctricos CFIA en Costa Rica<\/h2>\t\t\t\t<\/div>\n\t\t\t\t<\/div>\n\t\t\t\t<div class=\"elementor-element elementor-element-e8ceb68 elementor-widget elementor-widget-image\" data-id=\"e8ceb68\" data-element_type=\"widget\" data-e-type=\"widget\" data-widget_type=\"image.default\">\n\t\t\t\t<div class=\"elementor-widget-container\">\n\t\t\t\t\t\t\t\t\t\t\t\t\t\t\t<img fetchpriority=\"high\" decoding=\"async\" width=\"1024\" height=\"1024\" src=\"https:\/\/ingenieroelectricocr.com\/wp-content\/uploads\/2023\/07\/art_3-plano-electrico-1024x1024.jpg\" class=\"attachment-large size-large wp-image-28\" alt=\"\" srcset=\"https:\/\/ingenieroelectricocr.com\/wp-content\/uploads\/2023\/07\/art_3-plano-electrico-1024x1024.jpg 1024w, https:\/\/ingenieroelectricocr.com\/wp-content\/uploads\/2023\/07\/art_3-plano-electrico-300x300.jpg 300w, https:\/\/ingenieroelectricocr.com\/wp-content\/uploads\/2023\/07\/art_3-plano-electrico-150x150.jpg 150w, https:\/\/ingenieroelectricocr.com\/wp-content\/uploads\/2023\/07\/art_3-plano-electrico-768x768.jpg 768w, https:\/\/ingenieroelectricocr.com\/wp-content\/uploads\/2023\/07\/art_3-plano-electrico-1536x1536.jpg 1536w, https:\/\/ingenieroelectricocr.com\/wp-content\/uploads\/2023\/07\/art_3-plano-electrico.jpg 1875w\" sizes=\"(max-width: 1024px) 100vw, 1024px\" \/>\t\t\t\t\t\t\t\t\t\t\t\t\t\t\t<\/div>\n\t\t\t\t<\/div>\n\t\t\t\t<div class=\"elementor-element elementor-element-eba9c25 elementor-widget elementor-widget-image\" data-id=\"eba9c25\" data-element_type=\"widget\" data-e-type=\"widget\" data-widget_type=\"image.default\">\n\t\t\t\t<div class=\"elementor-widget-container\">\n\t\t\t\t\t\t\t\t\t\t\t\t\t\t\t<img fetchpriority=\"high\" decoding=\"async\" width=\"1024\" height=\"1024\" src=\"https:\/\/ingenieroelectricocr.com\/wp-content\/uploads\/2023\/07\/art_3-plano-electrico-1024x1024.jpg\" class=\"attachment-large size-large wp-image-28\" alt=\"\" srcset=\"https:\/\/ingenieroelectricocr.com\/wp-content\/uploads\/2023\/07\/art_3-plano-electrico-1024x1024.jpg 1024w, https:\/\/ingenieroelectricocr.com\/wp-content\/uploads\/2023\/07\/art_3-plano-electrico-300x300.jpg 300w, https:\/\/ingenieroelectricocr.com\/wp-content\/uploads\/2023\/07\/art_3-plano-electrico-150x150.jpg 150w, https:\/\/ingenieroelectricocr.com\/wp-content\/uploads\/2023\/07\/art_3-plano-electrico-768x768.jpg 768w, https:\/\/ingenieroelectricocr.com\/wp-content\/uploads\/2023\/07\/art_3-plano-electrico-1536x1536.jpg 1536w, https:\/\/ingenieroelectricocr.com\/wp-content\/uploads\/2023\/07\/art_3-plano-electrico.jpg 1875w\" sizes=\"(max-width: 1024px) 100vw, 1024px\" \/>\t\t\t\t\t\t\t\t\t\t\t\t\t\t\t<\/div>\n\t\t\t\t<\/div>\n\t\t\t\t\t<\/div>\n\t\t<\/div>\n\t\t\t\t<div class=\"elementor-column elementor-col-50 elementor-top-column elementor-element elementor-element-337236b\" data-id=\"337236b\" data-element_type=\"column\" data-e-type=\"column\">\n\t\t\t<div class=\"elementor-widget-wrap\">\n\t\t\t\t\t\t\t<\/div>\n\t\t<\/div>\n\t\t\t\t\t<\/div>\n\t\t<\/section>\n\t\t\t\t<\/div>\n\t\t","protected":false},"excerpt":{"rendered":"<p>Planos el\u00e9ctricos CFIA en Costa Rica Servicio profesional de planos el\u00e9ctricos para presentaci\u00f3n ante CFIA en Costa Rica. Se realiza inspecci\u00f3n, dise\u00f1o y gesti\u00f3n completa del tr\u00e1mite para evitar rechazos o atrasos. planos el\u00e9ctricos CFIA en Costa Rica<\/p>\n","protected":false},"author":1,"featured_media":0,"parent":0,"menu_order":0,"comment_status":"closed","ping_status":"closed","template":"","meta":{"footnotes":""},"class_list":["post-368","page","type-page","status-publish","hentry"],"yoast_head":"<!-- This site is optimized with the Yoast SEO plugin v27.4 - https:\/\/yoast.com\/product\/yoast-seo-wordpress\/ -->\n<title>Planos el\u00e9ctricos CFIA Costa Rica - Ingeniero El\u00e9ctrico<\/title>\n<meta name=\"description\" content=\"Planos el\u00e9ctricos CFIA en Costa Rica. Servicio profesional con inspecci\u00f3n, dise\u00f1o y gesti\u00f3n completa del tr\u00e1mite. Cotice su proyecto hoy.\" \/>\n<meta name=\"robots\" content=\"index, follow, max-snippet:-1, max-image-preview:large, max-video-preview:-1\" \/>\n<link rel=\"canonical\" href=\"https:\/\/ingenieroelectricocr.com\/index.php\/planos-electricos-cfia-costa-rica\/\" \/>\n<meta property=\"og:locale\" content=\"en_US\" \/>\n<meta property=\"og:type\" content=\"article\" \/>\n<meta property=\"og:title\" content=\"Planos el\u00e9ctricos CFIA Costa Rica - Ingeniero El\u00e9ctrico\" \/>\n<meta property=\"og:description\" content=\"Planos el\u00e9ctricos CFIA en Costa Rica. Servicio profesional con inspecci\u00f3n, dise\u00f1o y gesti\u00f3n completa del tr\u00e1mite. Cotice su proyecto hoy.\" \/>\n<meta property=\"og:url\" content=\"https:\/\/ingenieroelectricocr.com\/index.php\/planos-electricos-cfia-costa-rica\/\" \/>\n<meta property=\"og:site_name\" content=\"Ingeniero El\u00e9ctrico\" \/>\n<meta property=\"article:modified_time\" content=\"2026-04-16T23:45:40+00:00\" \/>\n<meta property=\"og:image\" content=\"https:\/\/ingenieroelectricocr.com\/wp-content\/uploads\/2023\/07\/art_3-plano-electrico.jpg\" \/>\n\t<meta property=\"og:image:width\" content=\"1875\" \/>\n\t<meta property=\"og:image:height\" content=\"1876\" \/>\n\t<meta property=\"og:image:type\" content=\"image\/jpeg\" \/>\n<meta name=\"twitter:card\" content=\"summary_large_image\" \/>\n<meta name=\"twitter:label1\" content=\"Est. reading time\" \/>\n\t<meta name=\"twitter:data1\" content=\"1 minute\" \/>\n<script type=\"application\/ld+json\" class=\"yoast-schema-graph\">{\"@context\":\"https:\\\/\\\/schema.org\",\"@graph\":[{\"@type\":\"WebPage\",\"@id\":\"https:\\\/\\\/ingenieroelectricocr.com\\\/index.php\\\/planos-electricos-cfia-costa-rica\\\/\",\"url\":\"https:\\\/\\\/ingenieroelectricocr.com\\\/index.php\\\/planos-electricos-cfia-costa-rica\\\/\",\"name\":\"Planos el\u00e9ctricos CFIA Costa Rica - Ingeniero El\u00e9ctrico\",\"isPartOf\":{\"@id\":\"https:\\\/\\\/ingenieroelectricocr.com\\\/#website\"},\"primaryImageOfPage\":{\"@id\":\"https:\\\/\\\/ingenieroelectricocr.com\\\/index.php\\\/planos-electricos-cfia-costa-rica\\\/#primaryimage\"},\"image\":{\"@id\":\"https:\\\/\\\/ingenieroelectricocr.com\\\/index.php\\\/planos-electricos-cfia-costa-rica\\\/#primaryimage\"},\"thumbnailUrl\":\"http:\\\/\\\/ingenieroelectricocr.com\\\/wp-content\\\/uploads\\\/2023\\\/07\\\/art_3-plano-electrico-1024x1024.jpg\",\"datePublished\":\"2026-04-16T23:06:55+00:00\",\"dateModified\":\"2026-04-16T23:45:40+00:00\",\"description\":\"Planos el\u00e9ctricos CFIA en Costa Rica. Servicio profesional con inspecci\u00f3n, dise\u00f1o y gesti\u00f3n completa del tr\u00e1mite. Cotice su proyecto hoy.\",\"breadcrumb\":{\"@id\":\"https:\\\/\\\/ingenieroelectricocr.com\\\/index.php\\\/planos-electricos-cfia-costa-rica\\\/#breadcrumb\"},\"inLanguage\":\"en-US\",\"potentialAction\":[{\"@type\":\"ReadAction\",\"target\":[\"https:\\\/\\\/ingenieroelectricocr.com\\\/index.php\\\/planos-electricos-cfia-costa-rica\\\/\"]}]},{\"@type\":\"ImageObject\",\"inLanguage\":\"en-US\",\"@id\":\"https:\\\/\\\/ingenieroelectricocr.com\\\/index.php\\\/planos-electricos-cfia-costa-rica\\\/#primaryimage\",\"url\":\"https:\\\/\\\/ingenieroelectricocr.com\\\/wp-content\\\/uploads\\\/2023\\\/07\\\/art_3-plano-electrico.jpg\",\"contentUrl\":\"https:\\\/\\\/ingenieroelectricocr.com\\\/wp-content\\\/uploads\\\/2023\\\/07\\\/art_3-plano-electrico.jpg\",\"width\":1875,\"height\":1876},{\"@type\":\"BreadcrumbList\",\"@id\":\"https:\\\/\\\/ingenieroelectricocr.com\\\/index.php\\\/planos-electricos-cfia-costa-rica\\\/#breadcrumb\",\"itemListElement\":[{\"@type\":\"ListItem\",\"position\":1,\"name\":\"Portada\",\"item\":\"https:\\\/\\\/ingenieroelectricocr.com\\\/\"},{\"@type\":\"ListItem\",\"position\":2,\"name\":\"Planos el\u00e9ctricos CFIA Costa Rica\"}]},{\"@type\":\"WebSite\",\"@id\":\"https:\\\/\\\/ingenieroelectricocr.com\\\/#website\",\"url\":\"https:\\\/\\\/ingenieroelectricocr.com\\\/\",\"name\":\"Ingeniero El\u00e9ctrico\",\"description\":\"Tramitamos sus proyectos el\u00e9ctricos en el CFIA, consulte por nuestros servicios.\",\"publisher\":{\"@id\":\"https:\\\/\\\/ingenieroelectricocr.com\\\/#\\\/schema\\\/person\\\/c5168fd65f62c7f0e77d2960defb1a37\"},\"alternateName\":\"Ingeniero el\u00e9ctrico Miguel\",\"potentialAction\":[{\"@type\":\"SearchAction\",\"target\":{\"@type\":\"EntryPoint\",\"urlTemplate\":\"https:\\\/\\\/ingenieroelectricocr.com\\\/?s={search_term_string}\"},\"query-input\":{\"@type\":\"PropertyValueSpecification\",\"valueRequired\":true,\"valueName\":\"search_term_string\"}}],\"inLanguage\":\"en-US\"},{\"@type\":[\"Person\",\"Organization\"],\"@id\":\"https:\\\/\\\/ingenieroelectricocr.com\\\/#\\\/schema\\\/person\\\/c5168fd65f62c7f0e77d2960defb1a37\",\"name\":\"ingenieroelectricocr.com\",\"image\":{\"@type\":\"ImageObject\",\"inLanguage\":\"en-US\",\"@id\":\"https:\\\/\\\/ingenieroelectricocr.com\\\/wp-content\\\/uploads\\\/2023\\\/07\\\/cropped-cropped-MiguelRojas30_1-ing-miguel.png\",\"url\":\"https:\\\/\\\/ingenieroelectricocr.com\\\/wp-content\\\/uploads\\\/2023\\\/07\\\/cropped-cropped-MiguelRojas30_1-ing-miguel.png\",\"contentUrl\":\"https:\\\/\\\/ingenieroelectricocr.com\\\/wp-content\\\/uploads\\\/2023\\\/07\\\/cropped-cropped-MiguelRojas30_1-ing-miguel.png\",\"width\":512,\"height\":171,\"caption\":\"ingenieroelectricocr.com\"},\"logo\":{\"@id\":\"https:\\\/\\\/ingenieroelectricocr.com\\\/wp-content\\\/uploads\\\/2023\\\/07\\\/cropped-cropped-MiguelRojas30_1-ing-miguel.png\"},\"sameAs\":[\"http:\\\/\\\/ingenieroelectricocr.com\"]}]}<\/script>\n<!-- \/ Yoast SEO plugin. -->","yoast_head_json":{"title":"Planos el\u00e9ctricos CFIA Costa Rica - Ingeniero El\u00e9ctrico","description":"Planos el\u00e9ctricos CFIA en Costa Rica. Servicio profesional con inspecci\u00f3n, dise\u00f1o y gesti\u00f3n completa del tr\u00e1mite. Cotice su proyecto hoy.","robots":{"index":"index","follow":"follow","max-snippet":"max-snippet:-1","max-image-preview":"max-image-preview:large","max-video-preview":"max-video-preview:-1"},"canonical":"https:\/\/ingenieroelectricocr.com\/index.php\/planos-electricos-cfia-costa-rica\/","og_locale":"en_US","og_type":"article","og_title":"Planos el\u00e9ctricos CFIA Costa Rica - Ingeniero El\u00e9ctrico","og_description":"Planos el\u00e9ctricos CFIA en Costa Rica. Servicio profesional con inspecci\u00f3n, dise\u00f1o y gesti\u00f3n completa del tr\u00e1mite. Cotice su proyecto hoy.","og_url":"https:\/\/ingenieroelectricocr.com\/index.php\/planos-electricos-cfia-costa-rica\/","og_site_name":"Ingeniero El\u00e9ctrico","article_modified_time":"2026-04-16T23:45:40+00:00","og_image":[{"width":1875,"height":1876,"url":"https:\/\/ingenieroelectricocr.com\/wp-content\/uploads\/2023\/07\/art_3-plano-electrico.jpg","type":"image\/jpeg"}],"twitter_card":"summary_large_image","twitter_misc":{"Est. reading time":"1 minute"},"schema":{"@context":"https:\/\/schema.org","@graph":[{"@type":"WebPage","@id":"https:\/\/ingenieroelectricocr.com\/index.php\/planos-electricos-cfia-costa-rica\/","url":"https:\/\/ingenieroelectricocr.com\/index.php\/planos-electricos-cfia-costa-rica\/","name":"Planos el\u00e9ctricos CFIA Costa Rica - Ingeniero El\u00e9ctrico","isPartOf":{"@id":"https:\/\/ingenieroelectricocr.com\/#website"},"primaryImageOfPage":{"@id":"https:\/\/ingenieroelectricocr.com\/index.php\/planos-electricos-cfia-costa-rica\/#primaryimage"},"image":{"@id":"https:\/\/ingenieroelectricocr.com\/index.php\/planos-electricos-cfia-costa-rica\/#primaryimage"},"thumbnailUrl":"http:\/\/ingenieroelectricocr.com\/wp-content\/uploads\/2023\/07\/art_3-plano-electrico-1024x1024.jpg","datePublished":"2026-04-16T23:06:55+00:00","dateModified":"2026-04-16T23:45:40+00:00","description":"Planos el\u00e9ctricos CFIA en Costa Rica. Servicio profesional con inspecci\u00f3n, dise\u00f1o y gesti\u00f3n completa del tr\u00e1mite. Cotice su proyecto hoy.","breadcrumb":{"@id":"https:\/\/ingenieroelectricocr.com\/index.php\/planos-electricos-cfia-costa-rica\/#breadcrumb"},"inLanguage":"en-US","potentialAction":[{"@type":"ReadAction","target":["https:\/\/ingenieroelectricocr.com\/index.php\/planos-electricos-cfia-costa-rica\/"]}]},{"@type":"ImageObject","inLanguage":"en-US","@id":"https:\/\/ingenieroelectricocr.com\/index.php\/planos-electricos-cfia-costa-rica\/#primaryimage","url":"https:\/\/ingenieroelectricocr.com\/wp-content\/uploads\/2023\/07\/art_3-plano-electrico.jpg","contentUrl":"https:\/\/ingenieroelectricocr.com\/wp-content\/uploads\/2023\/07\/art_3-plano-electrico.jpg","width":1875,"height":1876},{"@type":"BreadcrumbList","@id":"https:\/\/ingenieroelectricocr.com\/index.php\/planos-electricos-cfia-costa-rica\/#breadcrumb","itemListElement":[{"@type":"ListItem","position":1,"name":"Portada","item":"https:\/\/ingenieroelectricocr.com\/"},{"@type":"ListItem","position":2,"name":"Planos el\u00e9ctricos CFIA Costa Rica"}]},{"@type":"WebSite","@id":"https:\/\/ingenieroelectricocr.com\/#website","url":"https:\/\/ingenieroelectricocr.com\/","name":"Ingeniero El\u00e9ctrico","description":"Tramitamos sus proyectos el\u00e9ctricos en el CFIA, consulte por nuestros servicios.","publisher":{"@id":"https:\/\/ingenieroelectricocr.com\/#\/schema\/person\/c5168fd65f62c7f0e77d2960defb1a37"},"alternateName":"Ingeniero el\u00e9ctrico Miguel","potentialAction":[{"@type":"SearchAction","target":{"@type":"EntryPoint","urlTemplate":"https:\/\/ingenieroelectricocr.com\/?s={search_term_string}"},"query-input":{"@type":"PropertyValueSpecification","valueRequired":true,"valueName":"search_term_string"}}],"inLanguage":"en-US"},{"@type":["Person","Organization"],"@id":"https:\/\/ingenieroelectricocr.com\/#\/schema\/person\/c5168fd65f62c7f0e77d2960defb1a37","name":"ingenieroelectricocr.com","image":{"@type":"ImageObject","inLanguage":"en-US","@id":"https:\/\/ingenieroelectricocr.com\/wp-content\/uploads\/2023\/07\/cropped-cropped-MiguelRojas30_1-ing-miguel.png","url":"https:\/\/ingenieroelectricocr.com\/wp-content\/uploads\/2023\/07\/cropped-cropped-MiguelRojas30_1-ing-miguel.png","contentUrl":"https:\/\/ingenieroelectricocr.com\/wp-content\/uploads\/2023\/07\/cropped-cropped-MiguelRojas30_1-ing-miguel.png","width":512,"height":171,"caption":"ingenieroelectricocr.com"},"logo":{"@id":"https:\/\/ingenieroelectricocr.com\/wp-content\/uploads\/2023\/07\/cropped-cropped-MiguelRojas30_1-ing-miguel.png"},"sameAs":["http:\/\/ingenieroelectricocr.com"]}]}},"_links":{"self":[{"href":"https:\/\/ingenieroelectricocr.com\/index.php\/wp-json\/wp\/v2\/pages\/368","targetHints":{"allow":["GET"]}}],"collection":[{"href":"https:\/\/ingenieroelectricocr.com\/index.php\/wp-json\/wp\/v2\/pages"}],"about":[{"href":"https:\/\/ingenieroelectricocr.com\/index.php\/wp-json\/wp\/v2\/types\/page"}],"author":[{"embeddable":true,"href":"https:\/\/ingenieroelectricocr.com\/index.php\/wp-json\/wp\/v2\/users\/1"}],"replies":[{"embeddable":true,"href":"https:\/\/ingenieroelectricocr.com\/index.php\/wp-json\/wp\/v2\/comments?post=368"}],"version-history":[{"count":10,"href":"https:\/\/ingenieroelectricocr.com\/index.php\/wp-json\/wp\/v2\/pages\/368\/revisions"}],"predecessor-version":[{"id":379,"href":"https:\/\/ingenieroelectricocr.com\/index.php\/wp-json\/wp\/v2\/pages\/368\/revisions\/379"}],"wp:attachment":[{"href":"https:\/\/ingenieroelectricocr.com\/index.php\/wp-json\/wp\/v2\/media?parent=368"}],"curies":[{"name":"wp","href":"https:\/\/api.w.org\/{rel}","templated":true}]}}